71145011?
7
What is the millions digit of 1085048172?
5
What is the hundred millions digit of 590393304?
5
What is the thousands digit of 19019501?
9
What is the hundred thousands digit of 285244847?
2
What is the hundred millions digit of 425688840?
4
What is the units digit of 1959434521?
1
What is the thousands digit of 3585715812?
5
What is the ten millions digit of 160874724?
6
What is the hundreds digit of 587128228?
2
What is the hundred millions digit of 463964278?
4
What is the hundred thousands digit of 1157384148?
3
What is the hundreds digit of 14633796?
7
What is the hundred millions digit of 813635742?
8
What is the hundred millions digit of 202740395?
2
What is the hundreds digit of 1728308383?
3
What is the tens digit of 474138544?
4
What is the hundreds digit of 989700904?
9
What is the thousands digit of 109847782?
7
What is the hundred millions digit of 212001438?
2
What is the units digit of 988148580?
0
What is the hundred thousands digit of 91126427?
1
What is the tens digit of 181308801?
0
What is the thousands digit of 99182565?
2
What is the tens digit of 41331227?
2
What is the ten millions digit of 65060948?
6
What is the hundred thousands digit of 342861823?
8
What is the ten thousands digit of 780462043?
6
What is the hundreds digit of 128220191?
1
What is the thousands digit of 165989720?
9
What is the tens digit of 12966093?
9
What is the thousands digit of 23913555?
3
What is the tens digit of 15968882?
8
What is the hundreds digit of 31541493?
4
What is the hundred thousands digit of 35503015?
5
What is the units digit of 38895120?
0
What is the hundreds digit of 9571250?
2
What is the hundreds digit of 45785671?
6
What is the ten millions digit of 44778991?
4
What is the thousands digit of 27980560?
0
What is the hundreds digit of 85823713?
7
What is the ten millions digit of 4203883986?
0
What is the hundred millions digit of 148678354?
1
What is the ten thousands digit of 1482709937?
0
What is the hundred millions digit of 1166496048?
1
What is the thousands digit of 2034889?
4
What is the millions digit of 156029859?
6
What is the billions digit of 1360195628?
1
What is the ten thousands digit of 34924396?
2
What is the thousands digit of 685856535?
6
What is the millions digit of 220549645?
0
What is the hundred millions digit of 168499495?
1
What is the units digit of 93845308?
8
What is the hundreds digit of 331953392?
3
What is the millions digit of 368695915?
8
What is the millions digit of 1325442?
1
What is the ten thousands digit of 140489287?
8
What is the tens digit of 517724316?
1
What is the hundreds digit of 36438971?
9
What is the units digit of 63139425?
5
What is the ten thousands digit of 2934370692?
7
What is the hundred thousands digit of 137048803?
0
What is the ten millions digit of 7482259611?
8
What is the hundreds digit of 21453737?
7
What is the hundreds digit of 29723967?
9
What is the ten thousands digit of 49655028?
5
What is the hundred thousands digit of 34311116?
3
What is the hundreds digit of 217161936?
9
What is the hundred thousands digit of 938793003?
7
What is the ten millions digit of 485097647?
8
What is the hundreds digit of 429008586?
5
What is the ten thousands digit of 46284362?
8
What is the hundred millions digit of 175033384?
1
What is the hundreds digit of 1233575872?
8
What is the hundred thousands digit of 4356961442?
9
What is the millions digit of 37873790?
7
What is the thousands digit of 820088389?
8
What is the tens digit of 3921964254?
5
What is the millions digit of 9780024?
9
What is the millions digit of 45830607?
5
What is the units digit of 18735820?
0
What is the tens digit of 1601360457?
5
What is the units digit of 144440948?
8
What is the hundred millions digit of 541000908?
5
What is the hundred millions digit of 1301381413?
3
What is the ten millions digit of 122695623?
2
What is the ten thousands digit of 60990065?
9
What is the hundred thousands digit of 43887588?
8
What is the thousands digit of 684245709?
5
What is the ten thousands digit of 58161976?
6
What is the thousands digit of 1917855951?
5
What is the units digit of 97154820?
0
What is the tens digit of 79828042?
4
What is the ten thousands digit of 270326360?
2
What is the millions digit of 178228146?
8
What is the hundreds digit of 66251924?
9
What is the tens digit of 1052600306?
0
What is the units digit of 378309468?
8
What is the thousands digit of 73045465?
5
What is the hundred millions digit of 2483583190?
4
What is the millions digit of 148423806?
8
What is the thousands digit of 352542242?
2
What is the ten thousands digit of 40809558?
0
What is the thousands digit of 4284455588?
5
What is the millions digit of 681740164?
1
What is the billions digit of 1239865269?
1
What is the billions digit of 3848300420?
3
What is the units digit of 14064055?
5
What is the hundreds digit of 77578063?
0
What is the units digit of 49532185?
5
What is the units digit of 59298005?
5
What is the hundred millions digit of 1785428586?
7
What is the tens digit of 23492814?
1
What is the units digit of 1657457471?
1
What is the ten thousands digit of 3191667153?
6
What is the ten millions digit of 336673105?
3
What is the ten millions digit of 43688762?
4
What is the hundreds digit of 4126769278?
2
What is the ten thousands digit of 277470111?
7
What is the units digit of 272161623?
3
What is the ten millions digit of 584677617?
8
What is the millions digit of 40281905?
0
What is the hundreds digit of 1010805600?
6
What is the ten thousands digit of 52200339?
0
What is the hundreds digit of 285424731?
7
What is the millions digit of 95878524?
5
What is the hundreds digit of 2737580907?
9
What is the units digit of 12943172?
2
What is the tens digit of 37683897?
9
What is the millions digit of 13154026?
3
What is the ten millions digit of 67377079?
6
What is the hundreds digit of 113823760?
7
What is the millions digit of 379760363?
9
What is the millions digit of 2129141351?
9
What is the units digit of 2111457609?
9
What is the hundred thousands digit of 1646344033?
3
What is the ten millions digit of 21607902?
2
What is the hundred millions digit of 195877172?
1
What is the ten thousands digit of 189101573?
0
What is the tens digit of 412043548?
4
What is the thousands digit of 722807875?
7
What is the ten thousands digit of 1022151411?
5
What is the hundred millions digit of 434051310?
4
What is the hundred thousands digit of 119966752?
9
What is the hundreds digit of 50916536?
5
What is the ten thousands digit of 3412699700?
9
What is the hundred millions digit of 774072007?
7
What is the units digit of 3401246?
6
What is the hundreds digit of 119827417?
4
What is the ten thousands digit of 746473548?
7
What is the hundred thousands digit of 588618838?
6
What is the ten thousands digit of 142054770?
5
What is the millions digit of 5128507123?
8
What is the millions digit of 2522326819?
2
What is the ten thousands digit of 38197311?
9
What is the millions digit of 85503934?
5
What is the hundreds digit of 37630495?
4
What is the hundred thousands digit of 2512762890?
7
What is the ten millions digit of 614948091?
1
What is the thousands digit of 78259133?
9
What is the ten millions digit of 52016091?
5
What is the ten millions digit of 50002559?
5
What is the millions digit of 1429946471?
9
What is the ten millions digit of 104684552?
0
What is the hundreds digit of 41869847?
8
What is the ten millions digit of 42079266?
4
What is the hundred thousands digit of 26414616?
4
What is the hundred millions digit of 675335394?
6
What is the ten millions digit of 344838393?
4
What is the tens digit of 5591093987?
8
What is the ten thousands digit of 16617150?
1
What is the ten millions digit of 584481597?
8
What is the units digit of 16128984?
4
What is the hundred thousands digit of 7238715?
2
What is the units digit of 37020335?
5
What is the hundred millions digit of 562603133?
5
What is the tens digit of 1849440529?
2
What is the ten thousands digit of 769301598?
0
What is the ten millions digit of 116486064?
1
What is the hundred millions digit of 198831782?
1
What is the hundreds digit of 1017459780?
7
What is the ten millions digit of 107902019?
0
What is the millions digit of 599845